)?
2, 11
Suppose 0*x - x = 3*u - 2362, -2*u = 5*x - 1566. List the prime factors of u.
2, 197
Let o(j) = -j**3 + 35*j**2 - 19*j - 97. List the prime factors of o(34).
7, 59
Let h(v) = -v - 12. Let y be h(-9). Let i = y - 3. List the prime factors of 14/(-21) - 136/i.
2, 11
Let q be (94/(-6))/((-1)/6). Suppose 7*u = 5*u - q. Let y = -23 - u. List the prime factors of y.
2, 3
Let y(z) be the second derivative of -z**5/20 - 5*z**4/4 + 7*z**3/2 - 27*z**2/2 - 4*z + 4. List the prime factors of y(-17).
2, 97
Suppose -12*a + 9652 = 1996. What are the prime factors of a?
2, 11, 29
Let g = 38 + 71. Let x = g + -47. List the prime factors of x.
2, 31
Suppose n + 39 = l, 0*n - 2*n - 114 = -3*l. Let v = -26 + l. Let m(x) = x**3 - 10*x**2 + x + 4. What are the prime factors of m(v)?
2, 7
Let w be -7 - -9 - (-8)/(-2). Let p(u) = -4*u**3 - u**2 + 3*u + 2. What are the prime factors of p(w)?
2, 3
List the prime factors of ((-129)/(-21) - 8/56) + 2386.
2, 13, 23
Let i be (6/(-8))/(14/3304). List the prime factors of (i/12)/(4/(-16)).
59
Let h = 304 + 201. What are the prime factors of h?
5, 101
Let n = 449 - 296. Let b = n + -89. Suppose 0 = -u - u + b. List the prime factors of u.
2
Suppose 4*x = 3*j - 13447, -5*j - 28*x = -29*x - 22440. List the prime factors of j.
67
Let z(v) = 4 - 6*v**2 + 8*v**2 + 0 - 5*v - v. What are the prime factors of z(4)?
2, 3
Suppose -240*t - 54972 = -252*t. What are the prime factors of t?
3, 509
Suppose 4*b - 5*a - 3092 = 0, 7*a - 3060 = -4*b + 4*a. List the prime factors of b.
2, 3
Let l be ((-6)/(-9))/(64/30 + -2). Let k = -14 + 33. Let n = k + l. What are the prime factors of n?
2, 3
Let l = 2 + 5. Suppose 5*y + l - 127 = 0. List the prime factors of -3 + 11/(11/y).
3, 7
Let z(l) = 69*l**2 + 15*l + 7. List the prime factors of z(-6).
7
Suppose -47*v = -40*v + 980. Let i = 177 + v. What are the prime factors of i?
37
List the prime factors of 4309 - 24 - (0 - 9).
2, 19, 113
Suppose 5 + 0 = 2*s + 5*k, 2*s = k + 11. Suppose 3*m - 167 = s*q, 220 = m + 3*m - 4*q. Let x = 87 - m. What are the prime factors of x?
3, 11
Let j(v) = -5*v - 35. Let z(m) = 3*m + 23. Let g(q) = 5*j(q) + 8*z(q). List the prime factors of g(6).
3
Let b be 806 - (-7 + 12)*(-2)/(-5). Suppose -2*o + 392 = -2*d - 2*d, 4*o = 4*d + b. What are the prime factors of o?
2, 103
Let r(u) = u - 8. Let p be r(9). Let q = p + 24. List the prime factors of q.
5
Suppose -6 = -f - 2. Suppose 0 = -0*u + f*u - 160. Suppose -3*k + 5*d = -4*k + u, 4*k - 130 = -5*d. What are the prime factors of k?
2, 3, 5
Suppose -2*t + 4*h = -316, 4*t - 2*h + 0*h - 662 = 0. Let k = t - -1. List the prime factors of k.
13
Suppose 4*p + 0 = 4*b - 4, 3*p = 5*b - 11. Suppose -33 - b = 4*l - 3*v, -5*v = l - 8. Let q = 14 + l. List the prime factors of q.
7
Let b = 173 + 39. List the prime factors of b.
2, 53
Suppose 2*s - 30 = -3*j, 4*s - 3*s - 2*j - 1 = 0. Let y(m) = 8*m + 2. What are the prime factors of y(s)?
2, 37
Suppose -528 = -3*h - 5*w + 1150, 0 = -h + w + 570. List the prime factors of h.
2, 283
Let r = -33 - -41. Suppose 2 = -r*u + 34. Suppose -2*j + 275 = 5*v, v - 4*j + 179 = u*v. What are the prime factors of v?
53
Suppose 94*k - 1684 = 90*k. What are the prime factors of k?
421
Suppose -20 = -8*c + 4*c. Suppose 251 + 269 = c*w. List the prime factors of w.
2, 13
Let l(c) = -12*c - 60. Let f be l(-6). Let o(u) = 9*u + 1. Let i be o(3). Let s = i - f. List the prime factors of s.
2
Suppose -775 = -3*g + b + 63, -g + 276 = -2*b. Suppose -g = -4*s + 472. List the prime factors of s.
2, 47
Suppose -4*t + 1 = -7. Suppose -4*j + 3*m + 71 = -t*j, 3*m + 15 = 0. Suppose j + 44 = 4*p. What are the prime factors of p?
2, 3
Let j = -9 + 10. Let r be (0*1/4)/j. Suppose 3*u + r*g - 2*g = 110, 0 = 2*u - g - 72. What are the prime factors of u?
2, 17
Let v = -29 + 53. Suppose -90 - v = -2*c. What are the prime factors of c?
3, 19
Let p = -22 - -27. Suppose x + p*c = 3, 4*x - 81 = c + 2*c. What are the prime factors of x?
2, 3
Suppose 10*c + 1520 = 5320. What are the prime factors of c?
2, 5, 19
Suppose 681 = 5*y - 9. Suppose 138 = 3*k - y. What are the prime factors of k/5 + (-4)/10?
2, 3
Let a(d) = d**3 - 19*d**2 - 11*d - 14. Let g(h) = 3*h**3 - 39*h**2 - 22*h - 28. Let x(f) = -5*a(f) + 2*g(f). List the prime factors of x(-16).
2, 47
Suppose -838 - 1221 = -3*o - 5*q, 0 = -4*o + 4*q + 2724. What are the prime factors of o?
683
Suppose 24 - 3 = -3*q. Let x be 9 - (-3 - 0 - q). Suppose x*z - 169 = 101. List the prime factors of z.
2, 3
Let i = -23 - -18. Let r(v) = -27*v - 15. What are the prime factors of r(i)?
2, 3, 5
Let t(z) = 11*z**2 - 11*z - 61. List the prime factors of t(11).
3, 383
Let k(f) = 65*f**2 + 3*f - 2. Suppose 4*n + 16 = 5*a, -a - 2*a + 8 = -4*n. What are the prime factors of k(n)?
2, 3, 11
Suppose -8620 + 2185 = -5*u. What are the prime factors of u?
3, 11, 13
Suppose -124 = -3*g - a - 0*a, 0 = 4*a - 16. List the prime factors of (-7)/((-70)/24)*g.
2, 3
Suppose 12*a - 18740 = 2272. What are the prime factors of a?
17, 103
Let d be -36*(-4)/(-4) - 4. Let t = d + 58. List the prime factors of t.
2, 3
Suppose -11*b - 105 = -4*b. List the prime factors of 3/b + 422/10.
2, 3, 7
Let y be (-9956)/(-30) + (-292)/60 + 5. Let k = -122 + y. What are the prime factors of k?
2, 3, 5, 7
Let l be 37 + -3*2/2. Suppose -374 = -4*n + 2*z, n = 5*z + l + 46. What are the prime factors of n?
5, 19
Let d = -20 - -372. List the prime factors of d.
2, 11
List the prime factors of ((-12)/8)/((-3)/902).
11, 41
List the prime factors of 15/((-150)/(-40)) + (-1 - -722).
5, 29
Let l = 4682 + -3142. What are the prime factors of l?
2, 5, 7, 11
Let a be -155 - -2*2/(-4). Let c = a - -221. What are the prime factors of c?
5, 13
List the prime factors of ((-4614)/(-24))/(18/16 - 1).
2, 769
Suppose 2*x - 5*x = -99. Let s = x - 28. Suppose -63 = -4*t - 3*l, -4*l - 33 - 7 = -s*t. What are the prime factors of t?
2, 3
Suppose 3*h - 3*p - 171 = 2*h, -5*h - p + 871 = 0. Suppose 2*s - 4*c = 254, -310 = -4*s + 2*c + h. What are the prime factors of s?
7, 17
Suppose 48 = r - 0*r. Suppose 5*p = l - 0*l + 49, -r = -4*p + 3*l. Suppose 5*y - 5 = -p*g + 4*g, 0 = 2*g + 5*y + 4. What are the prime factors of g?
3
Let s(b) = b**2 + 2 - 4*b + 7 + 3*b + 10*b. Let a be s(-8). List the prime factors of 24 - (3/3)/a.
23
Suppose 0 = 3*d + k - 4 - 11, -d - 3*k + 5 = 0. Let u be 11*-1 + (2 - d). Let j = -11 - u. What are the prime factors of j?
3
Let y = 136 - -49. List the prime factors of y.
5, 37
Let t(f) = 10*f - 2. Let k be t(-1). Let p = k + 15. Suppose 0 = -2*c - p*j + 38, -5*j = -5 - 5. List the prime factors of c.
2
Suppose -12*s + 861 = -7*s + 4*h, -s + 175 = -2*h. What are the prime factors of s?
173
Let u be ((-1)/3)/((-1)/(-1 + 1084)). Suppose 5*t = 3*n - u + 90, n - 77 = -t. What are the prime factors of n?
2, 41
Suppose -4*q + 72 = 2*g + 2*g, g + 2*q = 18. Let o = 25 - g. What are the prime factors of o?
7
Let l(q) = -3233*q + 10. List the prime factors of l(-1).
3, 23, 47
Let g = 151 - 217. Let v = 144 + g. What are the prime factors of v?
2, 3, 13
Let s = 21 + 40. Suppose -j + 40 = a, 20 + s = 2*j + 3*a. List the prime factors of j.
3, 13
Suppose 0 = -29*j + 32*j - 384. Suppose 13*s = 9*s + j. List the prime factors of s.
2
List the prime factors of ((-206)/(-3))/(12 + (-12958)/1083).
19, 103
Suppose 0 = 16*q - 11*q - 15. Suppose 5*v = 2*x + 1043, -6*v + 623 = -q*v - 4*x. What are the prime factors of v?
11, 19
Suppose 0 = -0*h - 7*h - 420. What are the prime factors of -3 - ((-136)/(-12))/(8/h)?
2, 41
Suppose k = -5*f + 23, 0 = -3*f + 2*k - 3*k + 13. Suppose -u - f - 4 = 0. Let s = 40 + u. List the prime factors of s.
31
Let d(z) = -37*z - 111. List the prime factors of d(-11).
2, 37
Let j = 995 - -889. List the prime factors of j.
2, 3, 157
Suppose -2*h = -11 + 19. List the prime factors of (h - -1) + 4 - -69.
2, 5, 7
Suppose k - 2153 = -5*c, -5*c = -4*k + 5561 + 3126. What are the prime factors of k?
2, 271
Let b be (0 + -2 + 3)*2. Let k(a) = -a + 4. Let r be k(b). What are the prime factors of (2 + 29)*2/r?
31
List the prime factors of (148/(-10))/(16/(-680)).
17, 37
Let y(x) = -x**3 - 8*x**2 - 5*x - 3. Let w be y(-7). Let b be (-2)/(-8) + (-369)/(-12). Let m = b + w. What are the prime factors of m?
2, 7
Suppose 3*b